{"id":34,"date":"2024-03-06T11:48:26","date_gmt":"2024-03-06T11:48:26","guid":{"rendered":"https:\/\/candyoldguitars.com\/?page_id=34"},"modified":"2025-11-19T19:02:28","modified_gmt":"2025-11-19T19:02:28","slug":"about-us","status":"publish","type":"page","link":"https:\/\/candyoldguitars.com\/?page_id=34","title":{"rendered":"Sobre nosotros"},"content":{"rendered":"\n<p>Candy Old Guitars nace del esfuerzo, pasi\u00f3n y dedicaci\u00f3n del constructor de guitarras Javier Alemany.<\/p>\n\n\n\n<h2 class=\"wp-block-heading\">Etapa en Nacho Guitars<\/h2>\n\n\n\n<p>Entre 2015 y finales de 2021, Javier Alemany fue el artesano encargado de gran parte del proceso de fabricaci\u00f3n \u2014incluyendo la pintura y el envejecimiento\u2014 de las mundialmente aclamadas \u201cNacho Guitars\u201d. Durante ese tiempo, Javier desarroll\u00f3 su caracter\u00edstica forma de pintar, envejecer y tratar los instrumentos para que tengan el aspecto y transmitan las sensaciones de las guitarras cl\u00e1sicas de los a\u00f1os 50. A lo largo de esta etapa, Javier tambi\u00e9n trabaj\u00f3 y estudi\u00f3 en profundidad una gran cantidad de instrumentos originales de la \u00e9poca.<\/p>\n\n\n\n<h2 class=\"wp-block-heading\">Candy Old Guitars<\/h2>\n\n\n\n<p>A finales de 2021, la pasi\u00f3n de Javier le lleva a empezar a desarrollar su propio proyecto con el objetivo de hacer las mejores guitarras posibles. Ahora, sin ning\u00fan tipo de limitaci\u00f3n, Javier se dedica en cuerpo y alma a perfeccionar los procesos de pintura, envejecido y tratamiento de las maderas, dando como resultado instrumentos de una calidad excepcional. Cada guitarra est\u00e1 trabajada de forma individual, con un m\u00e1stil de perfil \u00fanico tallado totalmente a mano, pintadas con laca de nitrocelulosa con una f\u00f3rmula exclusiva, adem\u00e1s de incorporar pastillas y electr\u00f3nica de primer nivel. Todo ello da como resultado guitarras que tienen el aspecto, el tacto y transmiten las mismas sensaciones que los modelos m\u00e1s apreciados de los a\u00f1os 50 y 60.<\/p>\n\n\n\n<p><\/p>\n\n\n\n<p><\/p>\n","protected":false},"excerpt":{"rendered":"<p>Candy Old Guitars nace del esfuerzo, pasi\u00f3n y dedicaci\u00f3n del constructor de guitarras Javier Alemany. Etapa en Nacho Guitars Entre 2015 y finales de 2021, Javier Alemany fue el artesano encargado de gran parte del proceso de fabricaci\u00f3n \u2014incluyendo la pintura y el envejecimiento\u2014 de las mundialmente aclamadas \u201cNacho Guitars\u201d. Durante ese tiempo, Javier desarroll\u00f3 [&hellip;]<\/p>\n","protected":false},"author":1,"featured_media":0,"parent":0,"menu_order":0,"comment_status":"closed","ping_status":"closed","template":"","meta":{"footnotes":""},"class_list":["post-34","page","type-page","status-publish","hentry"],"yoast_head":"<!-- This site is optimized with the Yoast SEO plugin v23.1 - https:\/\/yoast.com\/wordpress\/plugins\/seo\/ -->\n<title>Sobre nosotros - Candy Old Guitars<\/title>\n<meta name=\"robots\" content=\"index, follow, max-snippet:-1, max-image-preview:large, max-video-preview:-1\" \/>\n<link rel=\"canonical\" href=\"https:\/\/candyoldguitars.com\/?page_id=34\" \/>\n<meta property=\"og:locale\" content=\"es_ES\" \/>\n<meta property=\"og:type\" content=\"article\" \/>\n<meta property=\"og:title\" content=\"Sobre nosotros - Candy Old Guitars\" \/>\n<meta property=\"og:description\" content=\"Candy Old Guitars nace del esfuerzo, pasi\u00f3n y dedicaci\u00f3n del constructor de guitarras Javier Alemany. Etapa en Nacho Guitars Entre 2015 y finales de 2021, Javier Alemany fue el artesano encargado de gran parte del proceso de fabricaci\u00f3n \u2014incluyendo la pintura y el envejecimiento\u2014 de las mundialmente aclamadas \u201cNacho Guitars\u201d. Durante ese tiempo, Javier desarroll\u00f3 [&hellip;]\" \/>\n<meta property=\"og:url\" content=\"https:\/\/candyoldguitars.com\/?page_id=34\" \/>\n<meta property=\"og:site_name\" content=\"Candy Old Guitars\" \/>\n<meta property=\"article:modified_time\" content=\"2025-11-19T19:02:28+00:00\" \/>\n<meta name=\"twitter:card\" content=\"summary_large_image\" \/>\n<meta name=\"twitter:label1\" content=\"Tiempo de lectura\" \/>\n\t<meta name=\"twitter:data1\" content=\"2 minutos\" \/>\n<script type=\"application\/ld+json\" class=\"yoast-schema-graph\">{\"@context\":\"https:\/\/schema.org\",\"@graph\":[{\"@type\":\"WebPage\",\"@id\":\"https:\/\/candyoldguitars.com\/?page_id=34\",\"url\":\"https:\/\/candyoldguitars.com\/?page_id=34\",\"name\":\"Sobre nosotros - Candy Old Guitars\",\"isPartOf\":{\"@id\":\"https:\/\/candyoldguitars.com\/#website\"},\"datePublished\":\"2024-03-06T11:48:26+00:00\",\"dateModified\":\"2025-11-19T19:02:28+00:00\",\"breadcrumb\":{\"@id\":\"https:\/\/candyoldguitars.com\/?page_id=34#breadcrumb\"},\"inLanguage\":\"es\",\"potentialAction\":[{\"@type\":\"ReadAction\",\"target\":[\"https:\/\/candyoldguitars.com\/?page_id=34\"]}]},{\"@type\":\"BreadcrumbList\",\"@id\":\"https:\/\/candyoldguitars.com\/?page_id=34#breadcrumb\",\"itemListElement\":[{\"@type\":\"ListItem\",\"position\":1,\"name\":\"Portada\",\"item\":\"https:\/\/candyoldguitars.com\/\"},{\"@type\":\"ListItem\",\"position\":2,\"name\":\"Sobre nosotros\"}]},{\"@type\":\"WebSite\",\"@id\":\"https:\/\/candyoldguitars.com\/#website\",\"url\":\"https:\/\/candyoldguitars.com\/\",\"name\":\"Candy Old Guitars\",\"description\":\"Vintage guitars inspired by 50s and 60s.\",\"publisher\":{\"@id\":\"https:\/\/candyoldguitars.com\/#organization\"},\"potentialAction\":[{\"@type\":\"SearchAction\",\"target\":{\"@type\":\"EntryPoint\",\"urlTemplate\":\"https:\/\/candyoldguitars.com\/?s={search_term_string}\"},\"query-input\":\"required name=search_term_string\"}],\"inLanguage\":\"es\"},{\"@type\":\"Organization\",\"@id\":\"https:\/\/candyoldguitars.com\/#organization\",\"name\":\"Candy Old Guitars\",\"url\":\"https:\/\/candyoldguitars.com\/\",\"logo\":{\"@type\":\"ImageObject\",\"inLanguage\":\"es\",\"@id\":\"https:\/\/candyoldguitars.com\/#\/schema\/logo\/image\/\",\"url\":\"https:\/\/candyoldguitars.com\/wp-content\/uploads\/2024\/01\/logo_sn.png\",\"contentUrl\":\"https:\/\/candyoldguitars.com\/wp-content\/uploads\/2024\/01\/logo_sn.png\",\"width\":1047,\"height\":535,\"caption\":\"Candy Old Guitars\"},\"image\":{\"@id\":\"https:\/\/candyoldguitars.com\/#\/schema\/logo\/image\/\"},\"sameAs\":[\"https:\/\/www.instagram.com\/candyoldguitars\/\"]}]}<\/script>\n<!-- \/ Yoast SEO plugin. -->","yoast_head_json":{"title":"Sobre nosotros - Candy Old Guitars","robots":{"index":"index","follow":"follow","max-snippet":"max-snippet:-1","max-image-preview":"max-image-preview:large","max-video-preview":"max-video-preview:-1"},"canonical":"https:\/\/candyoldguitars.com\/?page_id=34","og_locale":"es_ES","og_type":"article","og_title":"Sobre nosotros - Candy Old Guitars","og_description":"Candy Old Guitars nace del esfuerzo, pasi\u00f3n y dedicaci\u00f3n del constructor de guitarras Javier Alemany. Etapa en Nacho Guitars Entre 2015 y finales de 2021, Javier Alemany fue el artesano encargado de gran parte del proceso de fabricaci\u00f3n \u2014incluyendo la pintura y el envejecimiento\u2014 de las mundialmente aclamadas \u201cNacho Guitars\u201d. Durante ese tiempo, Javier desarroll\u00f3 [&hellip;]","og_url":"https:\/\/candyoldguitars.com\/?page_id=34","og_site_name":"Candy Old Guitars","article_modified_time":"2025-11-19T19:02:28+00:00","twitter_card":"summary_large_image","twitter_misc":{"Tiempo de lectura":"2 minutos"},"schema":{"@context":"https:\/\/schema.org","@graph":[{"@type":"WebPage","@id":"https:\/\/candyoldguitars.com\/?page_id=34","url":"https:\/\/candyoldguitars.com\/?page_id=34","name":"Sobre nosotros - Candy Old Guitars","isPartOf":{"@id":"https:\/\/candyoldguitars.com\/#website"},"datePublished":"2024-03-06T11:48:26+00:00","dateModified":"2025-11-19T19:02:28+00:00","breadcrumb":{"@id":"https:\/\/candyoldguitars.com\/?page_id=34#breadcrumb"},"inLanguage":"es","potentialAction":[{"@type":"ReadAction","target":["https:\/\/candyoldguitars.com\/?page_id=34"]}]},{"@type":"BreadcrumbList","@id":"https:\/\/candyoldguitars.com\/?page_id=34#breadcrumb","itemListElement":[{"@type":"ListItem","position":1,"name":"Portada","item":"https:\/\/candyoldguitars.com\/"},{"@type":"ListItem","position":2,"name":"Sobre nosotros"}]},{"@type":"WebSite","@id":"https:\/\/candyoldguitars.com\/#website","url":"https:\/\/candyoldguitars.com\/","name":"Candy Old Guitars","description":"Vintage guitars inspired by 50s and 60s.","publisher":{"@id":"https:\/\/candyoldguitars.com\/#organization"},"potentialAction":[{"@type":"SearchAction","target":{"@type":"EntryPoint","urlTemplate":"https:\/\/candyoldguitars.com\/?s={search_term_string}"},"query-input":"required name=search_term_string"}],"inLanguage":"es"},{"@type":"Organization","@id":"https:\/\/candyoldguitars.com\/#organization","name":"Candy Old Guitars","url":"https:\/\/candyoldguitars.com\/","logo":{"@type":"ImageObject","inLanguage":"es","@id":"https:\/\/candyoldguitars.com\/#\/schema\/logo\/image\/","url":"https:\/\/candyoldguitars.com\/wp-content\/uploads\/2024\/01\/logo_sn.png","contentUrl":"https:\/\/candyoldguitars.com\/wp-content\/uploads\/2024\/01\/logo_sn.png","width":1047,"height":535,"caption":"Candy Old Guitars"},"image":{"@id":"https:\/\/candyoldguitars.com\/#\/schema\/logo\/image\/"},"sameAs":["https:\/\/www.instagram.com\/candyoldguitars\/"]}]}},"_links":{"self":[{"href":"https:\/\/candyoldguitars.com\/index.php?rest_route=\/wp\/v2\/pages\/34","targetHints":{"allow":["GET"]}}],"collection":[{"href":"https:\/\/candyoldguitars.com\/index.php?rest_route=\/wp\/v2\/pages"}],"about":[{"href":"https:\/\/candyoldguitars.com\/index.php?rest_route=\/wp\/v2\/types\/page"}],"author":[{"embeddable":true,"href":"https:\/\/candyoldguitars.com\/index.php?rest_route=\/wp\/v2\/users\/1"}],"replies":[{"embeddable":true,"href":"https:\/\/candyoldguitars.com\/index.php?rest_route=%2Fwp%2Fv2%2Fcomments&post=34"}],"version-history":[{"count":6,"href":"https:\/\/candyoldguitars.com\/index.php?rest_route=\/wp\/v2\/pages\/34\/revisions"}],"predecessor-version":[{"id":137,"href":"https:\/\/candyoldguitars.com\/index.php?rest_route=\/wp\/v2\/pages\/34\/revisions\/137"}],"wp:attachment":[{"href":"https:\/\/candyoldguitars.com\/index.php?rest_route=%2Fwp%2Fv2%2Fmedia&parent=34"}],"curies":[{"name":"wp","href":"https:\/\/api.w.org\/{rel}","templated":true}]}}